Last updated on 2024-05-04 13:49:05 CEST.
Flavor | Version | Tinstall | Tcheck | Ttotal | Status | Flags |
---|---|---|---|---|---|---|
r-devel-linux-x86_64-debian-clang | 3.1 | 14.37 | 98.62 | 112.99 | NOTE | |
r-devel-linux-x86_64-debian-gcc | 3.1 | 9.58 | 72.19 | 81.77 | NOTE | |
r-devel-linux-x86_64-fedora-clang | 3.1 | 137.08 | NOTE | |||
r-devel-linux-x86_64-fedora-gcc | 3.1 | 128.64 | NOTE | |||
r-devel-windows-x86_64 | 3.1 | 12.00 | 94.00 | 106.00 | NOTE | |
r-patched-linux-x86_64 | 3.1 | 15.37 | 90.53 | 105.90 | NOTE | |
r-release-linux-x86_64 | 3.1 | 10.43 | 92.74 | 103.17 | NOTE | |
r-release-macos-arm64 | 3.1 | 38.00 | NOTE | |||
r-release-windows-x86_64 | 3.1 | 12.00 | 93.00 | 105.00 | NOTE | |
r-oldrel-macos-arm64 | 3.1 | 44.00 | OK | |||
r-oldrel-macos-x86_64 | 3.1 | 69.00 | OK | |||
r-oldrel-windows-x86_64 | 3.1 | 15.00 | 113.00 | 128.00 | OK |
Version: 3.1
Check: Rd files
Result: NOTE
checkRd: (-1) evReturn.Rd:34: Lost braces
34 | \item{daEst }{ data used to estimate the market model for the last firm as specified in code{firm}.}
| ^
checkRd: (-1) evRisk.Rd:19: Lost braces
19 | \item{daEst }{ data used to estimate CAPM for the last firm as specified in code{firm}.}
| ^
Flavors: r-devel-linux-x86_64-debian-clang, r-devel-linux-x86_64-debian-gcc, r-devel-linux-x86_64-fedora-clang, r-devel-linux-x86_64-fedora-gcc, r-devel-windows-x86_64, r-patched-linux-x86_64, r-release-linux-x86_64, r-release-macos-arm64, r-release-windows-x86_64