Last updated on 2024-05-04 05:50:20 CEST.
Flavor | Version | Tinstall | Tcheck | Ttotal | Status | Flags |
---|---|---|---|---|---|---|
r-devel-linux-x86_64-debian-clang | 2.0.0 | 69.34 | 50.96 | 120.30 | OK | |
r-devel-linux-x86_64-fedora-clang | 2.0.0 | 185.87 | NOTE | |||
r-devel-linux-x86_64-fedora-gcc | 2.0.0 | 165.41 | OK | |||
r-devel-windows-x86_64 | 2.0.0 | 52.00 | 96.00 | 148.00 | OK | |
r-patched-linux-x86_64 | 1.0.2 | 4.39 | 31.77 | 36.16 | OK | |
r-release-linux-x86_64 | 1.0.2 | 3.79 | 30.97 | 34.76 | OK | |
r-release-macos-arm64 | 2.0.0 | 39.00 | OK | |||
r-release-macos-x86_64 | 2.0.0 | 73.00 | OK | |||
r-release-windows-x86_64 | 2.0.0 | 53.00 | 83.00 | 136.00 | OK | |
r-oldrel-macos-arm64 | 2.0.0 | 43.00 | OK | |||
r-oldrel-macos-x86_64 | 2.0.0 | 61.00 | OK | |||
r-oldrel-windows-x86_64 | 2.0.0 | 52.00 | 90.00 | 142.00 | OK |
Version: 2.0.0
Check: Rd cross-references
Result: NOTE
Undeclared package ‘RcppArmadillo’ in Rd xrefs
Flavor: r-devel-linux-x86_64-fedora-clang