Last updated on 2024-05-04 13:49:05 CEST.
Flavor | Version | Tinstall | Tcheck | Ttotal | Status | Flags |
---|---|---|---|---|---|---|
r-devel-linux-x86_64-debian-clang | 0.1.0 | 14.08 | 432.96 | 447.04 | NOTE | |
r-devel-linux-x86_64-debian-gcc | 0.1.0 | 12.10 | 320.66 | 332.76 | NOTE | |
r-devel-linux-x86_64-fedora-clang | 0.1.0 | 543.13 | NOTE | |||
r-devel-linux-x86_64-fedora-gcc | 0.1.0 | 592.70 | NOTE | |||
r-devel-windows-x86_64 | 0.1.0 | 12.00 | 304.00 | 316.00 | NOTE | |
r-patched-linux-x86_64 | 0.1.0 | 9.34 | 424.79 | 434.13 | NOTE | |
r-release-linux-x86_64 | 0.1.0 | 11.78 | 422.22 | 434.00 | NOTE | |
r-release-macos-arm64 | 0.1.0 | 170.00 | NOTE | |||
r-release-macos-x86_64 | 0.1.0 | 346.00 | OK | |||
r-release-windows-x86_64 | 0.1.0 | 12.00 | 295.00 | 307.00 | NOTE | |
r-oldrel-macos-arm64 | 0.1.0 | 194.00 | OK | |||
r-oldrel-macos-x86_64 | 0.1.0 | 316.00 | NOTE | |||
r-oldrel-windows-x86_64 | 0.1.0 | 19.00 | 382.00 | 401.00 | OK |
Version: 0.1.0
Check: Rd files
Result: NOTE
checkRd: (-1) data_cls.Rd:24: Lost braces
24 | \item Graphs: Erd\"{o}s-R\'{e}nyi graphs with connection probability 0.10 for
| ^
checkRd: (-1) data_cls.Rd:24: Lost braces
24 | \item Graphs: Erd\"{o}s-R\'{e}nyi graphs with connection probability 0.10 for
| ^
checkRd: (-1) data_reg.Rd:21: Lost braces
21 | \item Graphs: Erd\"{o}s-R\'{e}nyi graphs with connection probability given by
| ^
checkRd: (-1) data_reg.Rd:21: Lost braces
21 | \item Graphs: Erd\"{o}s-R\'{e}nyi graphs with connection probability given by
| ^
Flavors: r-devel-linux-x86_64-debian-clang, r-devel-linux-x86_64-debian-gcc, r-devel-linux-x86_64-fedora-clang, r-devel-linux-x86_64-fedora-gcc, r-devel-windows-x86_64, r-patched-linux-x86_64, r-release-linux-x86_64, r-release-macos-arm64, r-release-windows-x86_64
Version: 0.1.0
Check: installed package size
Result: NOTE
installed size is 5.5Mb
sub-directories of 1Mb or more:
data 4.8Mb
Flavors: r-release-macos-arm64, r-oldrel-macos-x86_64