Last updated on 2024-05-04 13:49:05 CEST.
Flavor | Version | Tinstall | Tcheck | Ttotal | Status | Flags |
---|---|---|---|---|---|---|
r-devel-linux-x86_64-debian-clang | 4.0.0 | 10.55 | 105.42 | 115.97 | OK | |
r-devel-linux-x86_64-debian-gcc | 4.0.0 | 8.55 | 75.86 | 84.41 | OK | |
r-devel-linux-x86_64-fedora-clang | 4.0.0 | 146.52 | NOTE | |||
r-devel-linux-x86_64-fedora-gcc | 4.0.0 | 148.73 | NOTE | |||
r-devel-windows-x86_64 | 4.0.0 | 10.00 | 103.00 | 113.00 | OK | |
r-patched-linux-x86_64 | 4.0.0 | 11.89 | 97.82 | 109.71 | OK | |
r-release-linux-x86_64 | 4.0.0 | 7.01 | 95.82 | 102.83 | OK | |
r-release-macos-arm64 | 4.0.0 | 66.00 | OK | |||
r-release-windows-x86_64 | 4.0.0 | 11.00 | 103.00 | 114.00 | OK | |
r-oldrel-macos-arm64 | 4.0.0 | 79.00 | OK | |||
r-oldrel-macos-x86_64 | 4.0.0 | 108.00 | OK | |||
r-oldrel-windows-x86_64 | 4.0.0 | 14.00 | 118.00 | 132.00 | OK |
Version: 4.0.0
Check: data for non-ASCII characters
Result: NOTE
Note: found 1054 marked UTF-8 strings
Flavors: r-devel-linux-x86_64-fedora-clang, r-devel-linux-x86_64-fedora-gcc