Last updated on 2024-05-04 09:49:34 CEST.
Flavor | Version | Tinstall | Tcheck | Ttotal | Status | Flags |
---|---|---|---|---|---|---|
r-devel-linux-x86_64-debian-clang | 0.1.0 | 23.44 | 28.88 | 52.32 | NOTE | |
r-devel-linux-x86_64-debian-gcc | 0.1.0 | 17.57 | 21.84 | 39.41 | NOTE | |
r-devel-linux-x86_64-fedora-clang | 0.1.0 | 75.06 | NOTE | |||
r-devel-linux-x86_64-fedora-gcc | 0.1.0 | 67.74 | NOTE | |||
r-patched-linux-x86_64 | 0.1.0 | 22.97 | 27.10 | 50.07 | NOTE | |
r-release-linux-x86_64 | 0.1.0 | 18.01 | 27.69 | 45.70 | NOTE | |
r-release-macos-arm64 | 0.1.0 | 23.00 | NOTE | |||
r-oldrel-macos-arm64 | 0.1.0 | 25.00 | NOTE | |||
r-oldrel-macos-x86_64 | 0.1.0 | 36.00 | NOTE |
Version: 0.1.0
Check: C++ specification
Result: NOTE
Specified C++11: please drop specification unless essential
Flavors: r-devel-linux-x86_64-debian-clang, r-devel-linux-x86_64-debian-gcc, r-devel-linux-x86_64-fedora-clang, r-devel-linux-x86_64-fedora-gcc, r-patched-linux-x86_64, r-release-linux-x86_64, r-release-macos-arm64, r-oldrel-macos-arm64, r-oldrel-macos-x86_64
Version: 0.1.0
Check: compiled code
Result: NOTE
File ‘exif/libs/exif.so’:
Found no calls to: ‘R_registerRoutines’, ‘R_useDynamicSymbols’
It is good practice to register native routines and to disable symbol
search.
See ‘Writing portable packages’ in the ‘Writing R Extensions’ manual.
Flavors: r-devel-linux-x86_64-fedora-clang, r-devel-linux-x86_64-fedora-gcc