Last updated on 2024-05-04 09:49:34 CEST.
Flavor | Version | Tinstall | Tcheck | Ttotal | Status | Flags |
---|---|---|---|---|---|---|
r-devel-linux-x86_64-debian-clang | 1.3.5 | 75.40 | 34.86 | 110.26 | NOTE | |
r-devel-linux-x86_64-debian-gcc | 1.3.5 | 62.15 | 27.01 | 89.16 | NOTE | |
r-devel-linux-x86_64-fedora-clang | 1.3.5 | 197.62 | NOTE | |||
r-devel-linux-x86_64-fedora-gcc | 1.3.5 | 172.67 | NOTE | |||
r-devel-windows-x86_64 | 1.3.5 | 67.00 | 65.00 | 132.00 | NOTE | |
r-patched-linux-x86_64 | 1.3.5 | 77.70 | 33.65 | 111.35 | NOTE | |
r-release-linux-x86_64 | 1.3.5 | 82.26 | 32.80 | 115.06 | NOTE | |
r-release-macos-arm64 | 1.3.5 | 37.00 | NOTE | |||
r-release-windows-x86_64 | 1.3.5 | 65.00 | 66.00 | 131.00 | NOTE | |
r-oldrel-macos-arm64 | 1.3.5 | 42.00 | NOTE | |||
r-oldrel-macos-x86_64 | 1.3.5 | 71.00 | NOTE | |||
r-oldrel-windows-x86_64 | 1.3.5 | 82.00 | 74.00 | 156.00 | NOTE |
Version: 1.3.5
Check: C++ specification
Result: NOTE
Specified C++11: please drop specification unless essential
Flavors: r-devel-linux-x86_64-debian-clang, r-devel-linux-x86_64-debian-gcc, r-devel-linux-x86_64-fedora-clang, r-devel-linux-x86_64-fedora-gcc, r-devel-windows-x86_64, r-patched-linux-x86_64, r-release-linux-x86_64, r-release-macos-arm64, r-release-windows-x86_64, r-oldrel-macos-arm64, r-oldrel-macos-x86_64, r-oldrel-windows-x86_64