Last updated on 2024-05-04 09:49:34 CEST.
Flavor | Version | Tinstall | Tcheck | Ttotal | Status | Flags |
---|---|---|---|---|---|---|
r-devel-linux-x86_64-debian-clang | 0.53 | 63.50 | 188.20 | 251.70 | OK | |
r-devel-linux-x86_64-debian-gcc | 0.53 | 50.87 | 135.04 | 185.91 | OK | |
r-devel-linux-x86_64-fedora-clang | 0.53 | 332.91 | NOTE | |||
r-devel-linux-x86_64-fedora-gcc | 0.53 | 329.50 | OK | |||
r-devel-windows-x86_64 | 0.53 | 48.00 | 165.00 | 213.00 | OK | |
r-patched-linux-x86_64 | 0.53 | 69.29 | 174.29 | 243.58 | OK | |
r-release-linux-x86_64 | 0.53 | 61.73 | 180.55 | 242.28 | OK | |
r-release-macos-arm64 | 0.53 | 80.00 | NOTE | |||
r-release-macos-x86_64 | 0.53 | 244.00 | NOTE | |||
r-release-windows-x86_64 | 0.53 | 49.00 | 158.00 | 207.00 | OK | |
r-oldrel-macos-arm64 | 0.53 | 100.00 | NOTE | |||
r-oldrel-macos-x86_64 | 0.53 | 185.00 | NOTE | |||
r-oldrel-windows-x86_64 | 0.53 | 60.00 | 199.00 | 259.00 | OK |
Version: 0.53
Check: Rd cross-references
Result: NOTE
Undeclared package ‘quantreg’ in Rd xrefs
Flavor: r-devel-linux-x86_64-fedora-clang
Version: 0.53
Check: installed package size
Result: NOTE
installed size is 10.6Mb
sub-directories of 1Mb or more:
libs 9.2Mb
Flavors: r-release-macos-arm64, r-release-macos-x86_64, r-oldrel-macos-arm64, r-oldrel-macos-x86_64