Last updated on 2024-05-04 13:49:05 CEST.
Flavor | Version | Tinstall | Tcheck | Ttotal | Status | Flags |
---|---|---|---|---|---|---|
r-devel-linux-x86_64-debian-clang | 1.3.0 | 56.26 | 168.24 | 224.50 | OK | |
r-devel-linux-x86_64-debian-gcc | 1.3.0 | 38.37 | 119.49 | 157.86 | OK | |
r-devel-linux-x86_64-fedora-clang | 1.3.0 | 289.07 | NOTE | |||
r-devel-linux-x86_64-fedora-gcc | 1.3.0 | 292.76 | OK | |||
r-devel-windows-x86_64 | 1.3.0 | 43.00 | 172.00 | 215.00 | NOTE | |
r-patched-linux-x86_64 | 1.3.0 | 33.59 | 155.31 | 188.90 | OK | |
r-release-linux-x86_64 | 1.2.2 | 32.80 | 155.46 | 188.26 | OK | |
r-release-macos-arm64 | 1.3.0 | 98.00 | NOTE | |||
r-release-macos-x86_64 | 1.3.0 | 243.00 | NOTE | |||
r-release-windows-x86_64 | 1.3.0 | 45.00 | 168.00 | 213.00 | NOTE | |
r-oldrel-macos-arm64 | 1.3.0 | 106.00 | NOTE | |||
r-oldrel-macos-x86_64 | 1.3.0 | 236.00 | NOTE | |||
r-oldrel-windows-x86_64 | 1.3.0 | 47.00 | 201.00 | 248.00 | NOTE |
Version: 1.3.0
Check: installed package size
Result: NOTE
installed size is 6.2Mb
sub-directories of 1Mb or more:
data 1.9Mb
extdata 2.8Mb
Flavors: r-devel-linux-x86_64-fedora-clang, r-devel-windows-x86_64, r-release-macos-arm64, r-release-macos-x86_64, r-release-windows-x86_64, r-oldrel-macos-arm64, r-oldrel-macos-x86_64, r-oldrel-windows-x86_64