Last updated on 2024-05-04 09:49:34 CEST.
Flavor | Version | Tinstall | Tcheck | Ttotal | Status | Flags |
---|---|---|---|---|---|---|
r-devel-linux-x86_64-debian-clang | 2.2.2 | 40.95 | 193.30 | 234.25 | NOTE | |
r-devel-linux-x86_64-debian-gcc | 2.2.2 | 32.01 | 156.58 | 188.59 | NOTE | |
r-devel-linux-x86_64-fedora-clang | 2.2.2 | 294.95 | NOTE | |||
r-devel-linux-x86_64-fedora-gcc | 2.2.2 | 298.06 | NOTE | |||
r-devel-windows-x86_64 | 2.2.2 | 33.00 | 216.00 | 249.00 | NOTE | |
r-patched-linux-x86_64 | 2.2.2 | 36.81 | 176.26 | 213.07 | NOTE | |
r-release-linux-x86_64 | 2.2.2 | 40.68 | 193.43 | 234.11 | NOTE | |
r-release-macos-arm64 | 2.2.2 | 87.00 | NOTE | |||
r-release-macos-x86_64 | 2.2.2 | 281.00 | NOTE | |||
r-release-windows-x86_64 | 2.2.2 | 32.00 | 213.00 | 245.00 | NOTE | |
r-oldrel-macos-arm64 | 2.2.2 | 104.00 | NOTE | |||
r-oldrel-macos-x86_64 | 2.2.2 | 285.00 | NOTE | |||
r-oldrel-windows-x86_64 | 2.2.2 | 34.00 | 265.00 | 299.00 | NOTE |
Version: 2.2.2
Check: for GNU extensions in Makefiles
Result: NOTE
GNU make is a SystemRequirements.
Flavors: r-devel-linux-x86_64-debian-clang, r-devel-linux-x86_64-debian-gcc, r-devel-linux-x86_64-fedora-clang, r-devel-linux-x86_64-fedora-gcc, r-devel-windows-x86_64, r-patched-linux-x86_64, r-release-linux-x86_64, r-release-macos-arm64, r-release-macos-x86_64, r-release-windows-x86_64, r-oldrel-macos-arm64, r-oldrel-macos-x86_64, r-oldrel-windows-x86_64