Last updated on 2024-05-04 13:49:05 CEST.
Flavor | Version | Tinstall | Tcheck | Ttotal | Status | Flags |
---|---|---|---|---|---|---|
r-devel-linux-x86_64-debian-clang | 0.6.1 | 69.79 | 130.58 | 200.37 | OK | |
r-devel-linux-x86_64-debian-gcc | 0.6.1 | 56.66 | 94.72 | 151.38 | OK | |
r-devel-linux-x86_64-fedora-clang | 0.6.1 | 272.90 | NOTE | |||
r-devel-linux-x86_64-fedora-gcc | 0.6.1 | 254.45 | OK | |||
r-devel-windows-x86_64 | 0.6.1 | 60.00 | 133.00 | 193.00 | NOTE | |
r-patched-linux-x86_64 | 0.6.1 | 67.45 | 123.62 | 191.07 | OK | |
r-release-linux-x86_64 | 0.6.1 | 73.62 | 123.74 | 197.36 | OK | |
r-release-macos-arm64 | 0.6.1 | 59.00 | NOTE | |||
r-release-windows-x86_64 | 0.6.1 | 61.00 | 133.00 | 194.00 | NOTE | |
r-oldrel-macos-arm64 | 0.6.1 | 71.00 | NOTE | |||
r-oldrel-macos-x86_64 | 0.6.1 | 207.00 | NOTE | |||
r-oldrel-windows-x86_64 | 0.6.1 | 74.00 | 158.00 | 232.00 | NOTE |
Version: 0.6.1
Check: installed package size
Result: NOTE
installed size is 5.4Mb
sub-directories of 1Mb or more:
data 4.8Mb
Flavors: r-devel-linux-x86_64-fedora-clang, r-devel-windows-x86_64, r-release-macos-arm64, r-release-windows-x86_64, r-oldrel-macos-arm64, r-oldrel-macos-x86_64, r-oldrel-windows-x86_64