Last updated on 2024-05-04 09:49:34 CEST.
Flavor | Version | Tinstall | Tcheck | Ttotal | Status | Flags |
---|---|---|---|---|---|---|
r-devel-linux-x86_64-debian-clang | 1.2.5 | 32.93 | 38.40 | 71.33 | NOTE | |
r-devel-linux-x86_64-debian-gcc | 1.2.5 | 31.82 | 30.33 | 62.15 | NOTE | |
r-devel-linux-x86_64-fedora-clang | 1.2.5 | 92.90 | NOTE | |||
r-devel-linux-x86_64-fedora-gcc | 1.2.5 | 119.57 | NOTE | |||
r-devel-windows-x86_64 | 1.2.5 | 30.00 | 87.00 | 117.00 | NOTE | |
r-patched-linux-x86_64 | 1.2.5 | 36.82 | 38.55 | 75.37 | OK | |
r-release-linux-x86_64 | 1.2.5 | 39.36 | 37.37 | 76.73 | OK | |
r-release-macos-arm64 | 1.2.5 | 38.00 | NOTE | |||
r-release-windows-x86_64 | 1.2.5 | 32.00 | 90.00 | 122.00 | OK | |
r-oldrel-macos-arm64 | 1.2.5 | 53.00 | NOTE | |||
r-oldrel-macos-x86_64 | 1.2.5 | 116.00 | NOTE | |||
r-oldrel-windows-x86_64 | 1.2.5 | 29.00 | 93.00 | 122.00 | OK |
Version: 1.2.5
Check: compiled code
Result: NOTE
File ‘fastMatMR/libs/fastMatMR.so’:
Found non-API calls to R: ‘SETLENGTH’, ‘SET_TRUELENGTH’
Compiled code should not call non-API entry points in R.
See ‘Writing portable packages’ in the ‘Writing R Extensions’ manual.
Flavors: r-devel-linux-x86_64-debian-clang, r-devel-linux-x86_64-debian-gcc, r-devel-linux-x86_64-fedora-clang, r-devel-linux-x86_64-fedora-gcc
Version: 1.2.5
Check: compiled code
Result: NOTE
File 'fastMatMR/libs/x64/fastMatMR.dll':
Found non-API calls to R: 'SETLENGTH', 'SET_TRUELENGTH'
Compiled code should not call non-API entry points in R.
See 'Writing portable packages' in the 'Writing R Extensions' manual.
Flavor: r-devel-windows-x86_64
Version: 1.2.5
Check: installed package size
Result: NOTE
installed size is 5.6Mb
sub-directories of 1Mb or more:
libs 4.7Mb
Flavors: r-release-macos-arm64, r-oldrel-macos-arm64, r-oldrel-macos-x86_64