Last updated on 2024-05-04 09:49:34 CEST.
Flavor | Version | Tinstall | Tcheck | Ttotal | Status | Flags |
---|---|---|---|---|---|---|
r-devel-linux-x86_64-debian-clang | 2.2.2 | 29.00 | 315.63 | 344.63 | OK | |
r-devel-linux-x86_64-debian-gcc | 2.2.2 | 22.65 | 229.00 | 251.65 | OK | |
r-devel-linux-x86_64-fedora-clang | 2.2.2 | 450.70 | NOTE | |||
r-devel-linux-x86_64-fedora-gcc | 2.2.2 | 462.27 | OK | |||
r-devel-windows-x86_64 | 2.2.2 | 91.00 | 1024.00 | 1115.00 | NOTE | |
r-patched-linux-x86_64 | 2.2.2 | 39.69 | 291.65 | 331.34 | OK | |
r-release-linux-x86_64 | 2.2.2 | 22.52 | 297.25 | 319.77 | OK | |
r-release-macos-arm64 | 2.2.2 | 94.00 | NOTE | |||
r-release-macos-x86_64 | 2.2.2 | 185.00 | NOTE | |||
r-release-windows-x86_64 | 2.2.2 | 90.00 | 990.00 | 1080.00 | NOTE | |
r-oldrel-macos-arm64 | 2.2.2 | 112.00 | NOTE | |||
r-oldrel-macos-x86_64 | 2.2.2 | 194.00 | NOTE | |||
r-oldrel-windows-x86_64 | 2.2.2 | 72.00 | 715.00 | 787.00 | NOTE |
Version: 2.2.2
Check: installed package size
Result: NOTE
installed size is 5.1Mb
sub-directories of 1Mb or more:
doc 3.0Mb
help 1.3Mb
Flavors: r-devel-linux-x86_64-fedora-clang, r-devel-windows-x86_64, r-release-macos-arm64, r-release-macos-x86_64, r-release-windows-x86_64, r-oldrel-macos-arm64, r-oldrel-macos-x86_64, r-oldrel-windows-x86_64