Last updated on 2024-05-04 09:49:34 CEST.
Flavor | Version | Tinstall | Tcheck | Ttotal | Status | Flags |
---|---|---|---|---|---|---|
r-devel-linux-x86_64-debian-clang | 1.0.0 | 7.08 | 47.38 | 54.46 | NOTE | |
r-devel-linux-x86_64-debian-gcc | 1.0.0 | 4.46 | 34.18 | 38.64 | NOTE | |
r-devel-linux-x86_64-fedora-clang | 1.0.0 | 67.04 | NOTE | |||
r-devel-linux-x86_64-fedora-gcc | 1.0.0 | 63.16 | NOTE | |||
r-devel-windows-x86_64 | 1.0.0 | 8.00 | 61.00 | 69.00 | NOTE | |
r-patched-linux-x86_64 | 1.0.0 | 5.54 | 44.27 | 49.81 | NOTE | |
r-release-linux-x86_64 | 1.0.0 | 3.87 | 43.29 | 47.16 | NOTE | |
r-release-macos-arm64 | 1.0.0 | 23.00 | NOTE | |||
r-release-windows-x86_64 | 1.0.0 | 6.00 | 68.00 | 74.00 | NOTE | |
r-oldrel-macos-arm64 | 1.0.0 | 24.00 | NOTE | |||
r-oldrel-macos-x86_64 | 1.0.0 | 34.00 | NOTE | |||
r-oldrel-windows-x86_64 | 1.0.0 | 7.00 | 66.00 | 73.00 | NOTE |
Version: 1.0.0
Check: LazyData
Result: NOTE
'LazyData' is specified without a 'data' directory
Flavors: r-devel-linux-x86_64-debian-clang, r-devel-linux-x86_64-debian-gcc, r-devel-linux-x86_64-fedora-clang, r-devel-linux-x86_64-fedora-gcc, r-devel-windows-x86_64, r-patched-linux-x86_64, r-release-linux-x86_64, r-release-macos-arm64, r-release-windows-x86_64, r-oldrel-macos-arm64, r-oldrel-macos-x86_64, r-oldrel-windows-x86_64