Last updated on 2024-05-04 13:49:05 CEST.
Flavor | Version | Tinstall | Tcheck | Ttotal | Status | Flags |
---|---|---|---|---|---|---|
r-devel-linux-x86_64-debian-clang | 1.0.3 | 5.38 | 72.26 | 77.64 | OK | |
r-devel-linux-x86_64-debian-gcc | 1.0.3 | 5.45 | 54.88 | 60.33 | OK | |
r-devel-linux-x86_64-fedora-clang | 1.0.3 | 104.64 | NOTE | |||
r-devel-linux-x86_64-fedora-gcc | 1.0.3 | 112.04 | NOTE | |||
r-devel-windows-x86_64 | 1.0.3 | 7.00 | 73.00 | 80.00 | OK | |
r-patched-linux-x86_64 | 1.0.3 | 4.45 | 69.02 | 73.47 | OK | |
r-release-linux-x86_64 | 1.0.3 | 4.20 | 69.00 | 73.20 | OK | |
r-release-macos-arm64 | 1.0.3 | 37.00 | OK | |||
r-release-windows-x86_64 | 1.0.3 | 8.00 | 71.00 | 79.00 | OK | |
r-oldrel-macos-arm64 | 1.0.3 | 38.00 | OK | |||
r-oldrel-macos-x86_64 | 1.0.3 | 57.00 | OK | |||
r-oldrel-windows-x86_64 | 1.0.3 | 10.00 | 81.00 | 91.00 | OK |
Version: 1.0.3
Check: dependencies in R code
Result: NOTE
Namespaces in Imports field not imported from:
‘FastGP’ ‘MASS’ ‘fdapace’
All declared Imports should be used.
Flavors: r-devel-linux-x86_64-fedora-clang, r-devel-linux-x86_64-fedora-gcc