Last updated on 2024-05-04 13:49:05 CEST.
Flavor | Version | Tinstall | Tcheck | Ttotal | Status | Flags |
---|---|---|---|---|---|---|
r-devel-linux-x86_64-debian-clang | 0.3.0 | 319.48 | 353.94 | 673.42 | OK | |
r-devel-linux-x86_64-debian-gcc | 0.3.0 | 241.24 | 264.39 | 505.63 | OK | |
r-devel-linux-x86_64-fedora-clang | 0.3.0 | 938.37 | NOTE | |||
r-devel-linux-x86_64-fedora-gcc | 0.3.0 | 957.41 | OK | |||
r-devel-windows-x86_64 | 0.3.0 | 244.00 | 463.00 | 707.00 | NOTE | |
r-patched-linux-x86_64 | 0.3.0 | 225.63 | 331.74 | 557.37 | OK | |
r-release-linux-x86_64 | 0.3.0 | 230.61 | 342.31 | 572.92 | OK | |
r-release-macos-arm64 | 0.3.0 | 188.00 | NOTE | |||
r-release-windows-x86_64 | 0.3.0 | 239.00 | 452.00 | 691.00 | NOTE | |
r-oldrel-macos-arm64 | 0.3.0 | 171.00 | NOTE | |||
r-oldrel-macos-x86_64 | 0.3.0 | 394.00 | NOTE | |||
r-oldrel-windows-x86_64 | 0.3.0 | 304.00 | 559.00 | 863.00 | NOTE |
Version: 0.3.0
Check: installed package size
Result: NOTE
installed size is 6.7Mb
sub-directories of 1Mb or more:
R 1.8Mb
doc 1.5Mb
help 2.1Mb
Flavors: r-devel-linux-x86_64-fedora-clang, r-devel-windows-x86_64, r-release-macos-arm64, r-release-windows-x86_64, r-oldrel-macos-arm64, r-oldrel-macos-x86_64, r-oldrel-windows-x86_64