Last updated on 2024-05-04 13:49:05 CEST.
Flavor | Version | Tinstall | Tcheck | Ttotal | Status | Flags |
---|---|---|---|---|---|---|
r-devel-linux-x86_64-debian-clang | 0.5-2 | 37.39 | 118.67 | 156.06 | NOTE | |
r-devel-linux-x86_64-debian-gcc | 0.5-2 | 30.51 | 91.81 | 122.32 | NOTE | |
r-devel-linux-x86_64-fedora-clang | 0.5-2 | 211.42 | NOTE | |||
r-devel-linux-x86_64-fedora-gcc | 0.5-2 | 218.16 | NOTE | |||
r-devel-windows-x86_64 | 0.5-2 | 29.00 | 135.00 | 164.00 | NOTE | |
r-patched-linux-x86_64 | 0.5-2 | 37.30 | 114.81 | 152.11 | NOTE | |
r-release-linux-x86_64 | 0.5-2 | 38.33 | 116.44 | 154.77 | NOTE | |
r-release-macos-arm64 | 0.5-2 | 59.00 | NOTE | |||
r-release-windows-x86_64 | 0.5-2 | 31.00 | 130.00 | 161.00 | NOTE | |
r-oldrel-macos-arm64 | 0.5-2 | 65.00 | NOTE | |||
r-oldrel-macos-x86_64 | 0.5-2 | 108.00 | NOTE | |||
r-oldrel-windows-x86_64 | 0.5-2 | 27.00 | 162.00 | 189.00 | NOTE |
Version: 0.5-2
Check: C++ specification
Result: NOTE
Specified C++11: please drop specification unless essential
Flavors: r-devel-linux-x86_64-debian-clang, r-devel-linux-x86_64-debian-gcc, r-devel-linux-x86_64-fedora-clang, r-devel-linux-x86_64-fedora-gcc, r-devel-windows-x86_64, r-patched-linux-x86_64, r-release-linux-x86_64, r-release-macos-arm64, r-release-windows-x86_64, r-oldrel-macos-arm64, r-oldrel-macos-x86_64, r-oldrel-windows-x86_64