Last updated on 2024-05-04 13:49:05 CEST.
Flavor | Version | Tinstall | Tcheck | Ttotal | Status | Flags |
---|---|---|---|---|---|---|
r-devel-linux-x86_64-debian-clang | 0.12 | 11.29 | 78.25 | 89.54 | NOTE | |
r-devel-linux-x86_64-debian-gcc | 0.12 | 7.95 | 55.67 | 63.62 | NOTE | |
r-devel-linux-x86_64-fedora-clang | 0.12 | 109.75 | NOTE | |||
r-devel-linux-x86_64-fedora-gcc | 0.12 | 104.21 | NOTE | |||
r-devel-windows-x86_64 | 0.12 | 10.00 | 77.00 | 87.00 | NOTE | |
r-patched-linux-x86_64 | 0.12 | 10.80 | 72.85 | 83.65 | NOTE | |
r-release-linux-x86_64 | 0.12 | 7.65 | 70.92 | 78.57 | NOTE | |
r-release-macos-arm64 | 0.12 | 48.00 | NOTE | |||
r-release-windows-x86_64 | 0.12 | 9.00 | 75.00 | 84.00 | NOTE | |
r-oldrel-macos-arm64 | 0.12 | 35.00 | NOTE | |||
r-oldrel-macos-x86_64 | 0.12 | 59.00 | NOTE | |||
r-oldrel-windows-x86_64 | 0.12 | 10.00 | 82.00 | 92.00 | NOTE |
Version: 0.12
Check: LazyData
Result: NOTE
'LazyData' is specified without a 'data' directory
Flavors: r-devel-linux-x86_64-debian-clang, r-devel-linux-x86_64-debian-gcc, r-devel-linux-x86_64-fedora-clang, r-devel-linux-x86_64-fedora-gcc, r-devel-windows-x86_64, r-patched-linux-x86_64, r-release-linux-x86_64, r-release-macos-arm64, r-release-windows-x86_64, r-oldrel-macos-arm64, r-oldrel-macos-x86_64, r-oldrel-windows-x86_64
Version: 0.12
Check: dependencies in R code
Result: NOTE
Namespaces in Imports field not imported from:
‘data.table’ ‘ggplot2’ ‘randomcoloR’ ‘sqldf’
All declared Imports should be used.
Flavors: r-devel-linux-x86_64-fedora-clang, r-devel-linux-x86_64-fedora-gcc