Last updated on 2024-05-04 13:49:05 CEST.
Flavor | Version | Tinstall | Tcheck | Ttotal | Status | Flags |
---|---|---|---|---|---|---|
r-devel-linux-x86_64-debian-clang | 1.4 | 14.72 | 111.07 | 125.79 | OK | |
r-devel-linux-x86_64-debian-gcc | 1.4 | 10.93 | 80.02 | 90.95 | OK | |
r-devel-linux-x86_64-fedora-clang | 1.4 | 162.29 | OK | |||
r-devel-linux-x86_64-fedora-gcc | 1.4 | 158.13 | OK | |||
r-devel-windows-x86_64 | 1.4 | 12.00 | 89.00 | 101.00 | OK | |
r-patched-linux-x86_64 | 1.4 | 12.40 | 101.94 | 114.34 | OK | |
r-release-linux-x86_64 | 1.4 | 12.67 | 99.48 | 112.15 | OK | |
r-release-macos-arm64 | 1.4 | 38.00 | OK | |||
r-release-macos-x86_64 | 1.4 | 83.00 | OK | |||
r-release-windows-x86_64 | 1.4 | 8.00 | 5.00 | 13.00 | ERROR | |
r-oldrel-macos-arm64 | 1.4 | 46.00 | OK | |||
r-oldrel-macos-x86_64 | 1.4 | 78.00 | OK | |||
r-oldrel-windows-x86_64 | 1.4 | 15.00 | 110.00 | 125.00 | OK |
Version: 1.4
Check: whether package can be installed
Result: ERROR
Installation failed.
Flavor: r-release-windows-x86_64