Last updated on 2024-05-04 13:49:05 CEST.
Flavor | Version | Tinstall | Tcheck | Ttotal | Status | Flags |
---|---|---|---|---|---|---|
r-devel-linux-x86_64-debian-clang | 1.0.0 | 191.98 | 177.67 | 369.65 | NOTE | |
r-devel-linux-x86_64-debian-gcc | 1.0.0 | 154.56 | 128.39 | 282.95 | NOTE | |
r-devel-linux-x86_64-fedora-clang | 1.0.0 | 521.14 | NOTE | |||
r-devel-linux-x86_64-fedora-gcc | 1.0.0 | 519.77 | NOTE | |||
r-devel-windows-x86_64 | 1.0.0 | 149.00 | 143.00 | 292.00 | NOTE | |
r-patched-linux-x86_64 | 1.0.0 | 172.90 | 166.81 | 339.71 | NOTE | |
r-release-linux-x86_64 | 1.0.0 | 166.51 | 167.34 | 333.85 | NOTE | |
r-release-macos-arm64 | 1.0.0 | 92.00 | NOTE | |||
r-release-windows-x86_64 | 1.0.0 | 145.00 | 148.00 | 293.00 | NOTE | |
r-oldrel-macos-arm64 | 1.0.0 | 102.00 | NOTE | |||
r-oldrel-macos-x86_64 | 1.0.0 | 178.00 | NOTE | |||
r-oldrel-windows-x86_64 | 1.0.0 | 184.00 | 177.00 | 361.00 | NOTE |
Version: 1.0.0
Check: C++ specification
Result: NOTE
Specified C++11: please drop specification unless essential
Flavors: r-devel-linux-x86_64-debian-clang, r-devel-linux-x86_64-debian-gcc, r-devel-linux-x86_64-fedora-clang, r-devel-linux-x86_64-fedora-gcc, r-devel-windows-x86_64, r-patched-linux-x86_64, r-release-linux-x86_64, r-release-macos-arm64, r-release-windows-x86_64, r-oldrel-macos-arm64, r-oldrel-macos-x86_64, r-oldrel-windows-x86_64
Version: 1.0.0
Check: dependencies in R code
Result: NOTE
Namespace in Imports field not imported from: ‘panelView’
All declared Imports should be used.
Flavors: r-devel-linux-x86_64-fedora-clang, r-devel-linux-x86_64-fedora-gcc
Version: 1.0.0
Check: installed package size
Result: NOTE
installed size is 8.6Mb
sub-directories of 1Mb or more:
libs 7.2Mb
Flavors: r-release-macos-arm64, r-oldrel-macos-arm64, r-oldrel-macos-x86_64