Last updated on 2024-05-04 13:49:05 CEST.
Flavor | Version | Tinstall | Tcheck | Ttotal | Status | Flags |
---|---|---|---|---|---|---|
r-devel-linux-x86_64-debian-clang | 0.1.0 | 2.06 | 32.19 | 34.25 | OK | |
r-devel-linux-x86_64-debian-gcc | 0.1.0 | 1.80 | 24.88 | 26.68 | OK | |
r-devel-linux-x86_64-fedora-clang | 0.1.0 | 42.80 | NOTE | |||
r-devel-linux-x86_64-fedora-gcc | 0.1.0 | 40.89 | NOTE | |||
r-devel-windows-x86_64 | 0.1.0 | 2.00 | 50.00 | 52.00 | OK | |
r-patched-linux-x86_64 | 0.1.0 | 2.10 | 31.04 | 33.14 | OK | |
r-release-linux-x86_64 | 0.1.0 | 2.08 | 31.19 | 33.27 | OK | |
r-release-macos-arm64 | 0.1.0 | 20.00 | OK | |||
r-release-windows-x86_64 | 0.1.0 | 3.00 | 41.00 | 44.00 | ERROR | |
r-oldrel-macos-arm64 | 0.1.0 | 21.00 | OK | |||
r-oldrel-macos-x86_64 | 0.1.0 | 28.00 | OK | |||
r-oldrel-windows-x86_64 | 0.1.0 | 4.00 | 51.00 | 55.00 | OK |
Version: 0.1.0
Check: data for non-ASCII characters
Result: NOTE
Note: found 134 marked UTF-8 strings
Flavors: r-devel-linux-x86_64-fedora-clang, r-devel-linux-x86_64-fedora-gcc
Version: 0.1.0
Check: examples
Result: ERROR
Running examples in 'fedz1-Ex.R' failed
The error most likely occurred in:
> ### Name: search_tables
> ### Title: search tables
> ### Aliases: search_tables
>
> ### ** Examples
>
> search_tables("Nonfinancial Corporate Business")
Warning in load(url(tables_data)) :
URL 'https://raw.githubusercontent.com/shaf1430/rfeddata/main/data/tables_data.Rda': status was 'SSL connect error'
Error in load(url(tables_data)) :
cannot open the connection to 'https://github.com/shaf1430/rfeddata/blob/main/data/tables_data.Rda/?raw=true'
Calls: search_tables -> load
Execution halted
Flavor: r-release-windows-x86_64