Last updated on 2024-05-04 13:49:05 CEST.
Flavor | Version | Tinstall | Tcheck | Ttotal | Status | Flags |
---|---|---|---|---|---|---|
r-devel-linux-x86_64-debian-clang | 0.2.3 | 72.09 | 149.23 | 221.32 | NOTE | |
r-devel-linux-x86_64-debian-gcc | 0.2.3 | 60.24 | 108.52 | 168.76 | NOTE | |
r-devel-linux-x86_64-fedora-clang | 0.2.3 | 309.49 | NOTE | |||
r-devel-linux-x86_64-fedora-gcc | 0.2.3 | 283.40 | NOTE | |||
r-devel-windows-x86_64 | 0.2.3 | 60.00 | 133.00 | 193.00 | NOTE | |
r-patched-linux-x86_64 | 0.2.3 | 63.74 | 140.88 | 204.62 | NOTE | |
r-release-linux-x86_64 | 0.2.3 | 73.37 | 140.93 | 214.30 | NOTE | |
r-release-macos-arm64 | 0.2.3 | 65.00 | NOTE | |||
r-release-macos-x86_64 | 0.2.3 | 128.00 | NOTE | |||
r-release-windows-x86_64 | 0.2.3 | 62.00 | 131.00 | 193.00 | NOTE | |
r-oldrel-macos-arm64 | 0.2.3 | 76.00 | NOTE | |||
r-oldrel-macos-x86_64 | 0.2.3 | 138.00 | NOTE | |||
r-oldrel-windows-x86_64 | 0.2.3 | 74.00 | 171.00 | 245.00 | NOTE |
Version: 0.2.3
Check: C++ specification
Result: NOTE
Specified C++11: please drop specification unless essential
Flavors: r-devel-linux-x86_64-debian-clang, r-devel-linux-x86_64-debian-gcc, r-devel-linux-x86_64-fedora-clang, r-devel-linux-x86_64-fedora-gcc, r-devel-windows-x86_64, r-patched-linux-x86_64, r-release-linux-x86_64, r-release-macos-arm64, r-release-macos-x86_64, r-release-windows-x86_64, r-oldrel-macos-arm64, r-oldrel-macos-x86_64, r-oldrel-windows-x86_64