Last updated on 2024-05-04 13:49:05 CEST.
Flavor | Version | Tinstall | Tcheck | Ttotal | Status | Flags |
---|---|---|---|---|---|---|
r-devel-linux-x86_64-debian-clang | 0.4.0 | 27.70 | 581.73 | 609.43 | OK | |
r-devel-linux-x86_64-debian-gcc | 0.4.0 | 23.12 | 444.96 | 468.08 | OK | |
r-devel-linux-x86_64-fedora-clang | 0.4.0 | 790.77 | NOTE | |||
r-devel-linux-x86_64-fedora-gcc | 0.4.0 | 799.48 | OK | |||
r-devel-windows-x86_64 | 0.4.0 | 25.00 | 495.00 | 520.00 | OK | |
r-patched-linux-x86_64 | 0.4.0 | 0.38 | 2.36 | 2.74 | ERROR | |
r-release-linux-x86_64 | 0.4.0 | 0.42 | 2.41 | 2.83 | ERROR | |
r-release-macos-arm64 | 0.4.0 | 194.00 | OK | |||
r-release-windows-x86_64 | 0.4.0 | 24.00 | 500.00 | 524.00 | OK | |
r-oldrel-macos-arm64 | 0.4.0 | 161.00 | OK | |||
r-oldrel-macos-x86_64 | 0.4.0 | 276.00 | OK | |||
r-oldrel-windows-x86_64 | 0.4.0 | 33.00 | 583.00 | 616.00 | OK |
Version: 0.4.0
Check: package dependencies
Result: NOTE
Imports includes 33 non-default packages.
Importing from so many packages makes the package vulnerable to any of
them becoming unavailable. Move as many as possible to Suggests and
use conditionally.
Flavor: r-devel-linux-x86_64-fedora-clang
Version: 0.4.0
Check: package dependencies
Result: ERROR
Package required but not available: ‘modeltime’
See section ‘The DESCRIPTION file’ in the ‘Writing R Extensions’
manual.
Flavors: r-patched-linux-x86_64, r-release-linux-x86_64