Last updated on 2024-05-04 13:49:05 CEST.
Flavor | Version | Tinstall | Tcheck | Ttotal | Status | Flags |
---|---|---|---|---|---|---|
r-devel-linux-x86_64-debian-clang | 1.2.3 | 11.56 | 80.81 | 92.37 | OK | |
r-devel-linux-x86_64-debian-gcc | 1.2.3 | 6.97 | 61.00 | 67.97 | OK | |
r-devel-linux-x86_64-fedora-clang | 1.2.3 | 119.13 | NOTE | |||
r-devel-linux-x86_64-fedora-gcc | 1.2.3 | 107.75 | NOTE | |||
r-devel-windows-x86_64 | 1.2.3 | 10.00 | 75.00 | 85.00 | OK | |
r-patched-linux-x86_64 | 1.2.3 | 9.54 | 74.53 | 84.07 | OK | |
r-release-linux-x86_64 | 1.2.3 | 7.47 | 75.04 | 82.51 | OK | |
r-release-macos-arm64 | 1.2.3 | 31.00 | OK | |||
r-release-macos-x86_64 | 1.2.3 | 80.00 | OK | |||
r-release-windows-x86_64 | 1.2.3 | 10.00 | 74.00 | 84.00 | OK | |
r-oldrel-macos-arm64 | 1.2.3 | 39.00 | OK | |||
r-oldrel-macos-x86_64 | 1.2.3 | 81.00 | OK | |||
r-oldrel-windows-x86_64 | 1.2.3 | 12.00 | 142.00 | 154.00 | OK |
Version: 1.2.3
Check: dependencies in R code
Result: NOTE
Namespaces in Imports field not imported from:
‘httr’ ‘jsonlite’
All declared Imports should be used.
Flavors: r-devel-linux-x86_64-fedora-clang, r-devel-linux-x86_64-fedora-gcc