Last updated on 2024-05-04 09:49:34 CEST.
Flavor | Version | Tinstall | Tcheck | Ttotal | Status | Flags |
---|---|---|---|---|---|---|
r-devel-linux-x86_64-debian-clang | 0.3.4 | 2.99 | 41.54 | 44.53 | NOTE | |
r-devel-linux-x86_64-debian-gcc | 0.3.4 | 2.28 | 32.70 | 34.98 | NOTE | |
r-devel-linux-x86_64-fedora-clang | 0.3.4 | 61.30 | NOTE | |||
r-devel-linux-x86_64-fedora-gcc | 0.3.4 | 70.56 | NOTE | |||
r-devel-windows-x86_64 | 0.3.4 | 3.00 | 57.00 | 60.00 | NOTE | |
r-patched-linux-x86_64 | 0.3.4 | 3.13 | 41.21 | 44.34 | NOTE | |
r-release-linux-x86_64 | 0.3.4 | 2.46 | 40.56 | 43.02 | NOTE | |
r-release-macos-arm64 | 0.3.4 | 29.00 | NOTE | |||
r-release-windows-x86_64 | 0.3.4 | 4.00 | 55.00 | 59.00 | NOTE | |
r-oldrel-macos-arm64 | 0.3.4 | 29.00 | NOTE | |||
r-oldrel-macos-x86_64 | 0.3.4 | 47.00 | NOTE | |||
r-oldrel-windows-x86_64 | 0.3.4 | 4.00 | 58.00 | 62.00 | NOTE |
Version: 0.3.4
Check: LazyData
Result: NOTE
'LazyData' is specified without a 'data' directory
Flavors: r-devel-linux-x86_64-debian-clang, r-devel-linux-x86_64-debian-gcc, r-devel-linux-x86_64-fedora-clang, r-devel-linux-x86_64-fedora-gcc, r-devel-windows-x86_64, r-patched-linux-x86_64, r-release-linux-x86_64, r-release-macos-arm64, r-release-windows-x86_64, r-oldrel-macos-arm64, r-oldrel-macos-x86_64, r-oldrel-windows-x86_64