Last updated on 2024-05-04 09:49:35 CEST.
Flavor | Version | Tinstall | Tcheck | Ttotal | Status | Flags |
---|---|---|---|---|---|---|
r-devel-linux-x86_64-debian-clang | 1.5.1 | 10.55 | 191.18 | 201.73 | OK | |
r-devel-linux-x86_64-debian-gcc | 1.5.1 | 9.68 | 128.75 | 138.43 | OK | |
r-devel-linux-x86_64-fedora-clang | 1.5.1 | 246.88 | NOTE | |||
r-devel-linux-x86_64-fedora-gcc | 1.5.1 | 226.18 | OK | |||
r-devel-windows-x86_64 | 1.5.1 | 11.00 | 182.00 | 193.00 | ERROR | |
r-patched-linux-x86_64 | 1.5.1 | 13.19 | 174.44 | 187.63 | OK | |
r-release-linux-x86_64 | 1.5.1 | 11.58 | 178.06 | 189.64 | OK | |
r-release-macos-arm64 | 1.5.1 | 58.00 | OK | |||
r-release-macos-x86_64 | 1.5.1 | 202.00 | OK | |||
r-release-windows-x86_64 | 1.5.1 | 11.00 | 182.00 | 193.00 | ERROR | |
r-oldrel-macos-arm64 | 1.5.1 | 63.00 | OK | |||
r-oldrel-macos-x86_64 | 1.5.1 | 184.00 | OK | |||
r-oldrel-windows-x86_64 | 1.5.1 | 13.00 | 218.00 | 231.00 | OK |
Version: 1.5.1
Check: Rd cross-references
Result: NOTE
Undeclared package ‘extraDistr’ in Rd xrefs
Flavor: r-devel-linux-x86_64-fedora-clang
Version: 1.5.1
Check: tests
Result: ERROR
Running 'spelling.R' [0s]
Comparing 'spelling.Rout' to 'spelling.Rout.save' ...6c6
< NULL
---
> All Done!
Running 'testthat.R' [52s]
Running the tests in 'tests/testthat.R' failed.
Complete output:
> library(testthat)
> library(fitODBOD)
Hello, This is Amalan. For more details refer --> https://amalan-constat.github.io/fitODBOD/index.html
>
> test_check("fitODBOD")
[ FAIL 1 | WARN 0 | SKIP 0 | PASS 645 ]
══ Failed tests ════════════════════════════════════════════════════════════════
── Failure ('test-Overdispersion.R:69:11'): Output value expected ──────────────
round(Overdispersion(fitGHB), 4) not identical to 0.4325.
1/1 mismatches
[1] 0.432 - 0.432 == -2e-04
[ FAIL 1 | WARN 0 | SKIP 0 | PASS 645 ]
Error: Test failures
Execution halted
Flavor: r-devel-windows-x86_64
Version: 1.5.1
Check: tests
Result: ERROR
Running 'spelling.R' [0s]
Comparing 'spelling.Rout' to 'spelling.Rout.save' ...6c6
< NULL
---
> All Done!
Running 'testthat.R' [54s]
Running the tests in 'tests/testthat.R' failed.
Complete output:
> library(testthat)
> library(fitODBOD)
Hello, This is Amalan. For more details refer --> https://amalan-constat.github.io/fitODBOD/index.html
>
> test_check("fitODBOD")
[ FAIL 1 | WARN 0 | SKIP 0 | PASS 645 ]
══ Failed tests ════════════════════════════════════════════════════════════════
── Failure ('test-Overdispersion.R:69:11'): Output value expected ──────────────
round(Overdispersion(fitGHB), 4) not identical to 0.4325.
1/1 mismatches
[1] 0.432 - 0.432 == -2e-04
[ FAIL 1 | WARN 0 | SKIP 0 | PASS 645 ]
Error: Test failures
Execution halted
Flavor: r-release-windows-x86_64