Last updated on 2024-05-04 09:49:35 CEST.
Flavor | Version | Tinstall | Tcheck | Ttotal | Status | Flags |
---|---|---|---|---|---|---|
r-devel-linux-x86_64-debian-clang | 0.1.3 | 5.94 | 58.87 | 64.81 | NOTE | |
r-devel-linux-x86_64-debian-gcc | 0.1.3 | 5.98 | 45.29 | 51.27 | NOTE | |
r-devel-linux-x86_64-fedora-clang | 0.1.3 | 89.94 | NOTE | |||
r-devel-linux-x86_64-fedora-gcc | 0.1.3 | 94.45 | NOTE | |||
r-devel-windows-x86_64 | 0.1.3 | 8.00 | 68.00 | 76.00 | NOTE | |
r-patched-linux-x86_64 | 0.1.3 | 7.80 | 55.61 | 63.41 | NOTE | |
r-release-linux-x86_64 | 0.1.3 | 5.65 | 56.93 | 62.58 | NOTE | |
r-release-macos-arm64 | 0.1.3 | 32.00 | NOTE | |||
r-release-windows-x86_64 | 0.1.3 | 8.00 | 67.00 | 75.00 | NOTE | |
r-oldrel-macos-arm64 | 0.1.3 | 34.00 | OK | |||
r-oldrel-macos-x86_64 | 0.1.3 | 51.00 | OK | |||
r-oldrel-windows-x86_64 | 0.1.3 | 9.00 | 72.00 | 81.00 | OK |
Version: 0.1.3
Check: Rd files
Result: NOTE
checkRd: (-1) distribution_vector.Rd:14: Lost braces; missing escapes or markup?
14 | All standard distributions from {stats} package are covered. For a list
| ^
Flavors: r-devel-linux-x86_64-debian-clang, r-devel-linux-x86_64-debian-gcc, r-devel-linux-x86_64-fedora-clang, r-devel-linux-x86_64-fedora-gcc, r-devel-windows-x86_64, r-patched-linux-x86_64, r-release-linux-x86_64, r-release-macos-arm64, r-release-windows-x86_64