Last updated on 2024-05-04 13:49:06 CEST.
Flavor | Version | Tinstall | Tcheck | Ttotal | Status | Flags |
---|---|---|---|---|---|---|
r-devel-linux-x86_64-debian-clang | 0.3.3 | 39.23 | 128.94 | 168.17 | OK | |
r-devel-linux-x86_64-debian-gcc | 0.3.3 | 31.48 | 99.28 | 130.76 | OK | |
r-devel-linux-x86_64-fedora-clang | 0.3.3 | 227.17 | NOTE | |||
r-devel-linux-x86_64-fedora-gcc | 0.3.3 | 224.75 | OK | |||
r-devel-windows-x86_64 | 0.3.3 | 35.00 | 116.00 | 151.00 | NOTE | |
r-patched-linux-x86_64 | 0.3.3 | 31.74 | 125.56 | 157.30 | OK | |
r-release-linux-x86_64 | 0.3.3 | 34.93 | 125.98 | 160.91 | OK | |
r-release-macos-arm64 | 0.3.3 | 52.00 | NOTE | |||
r-release-windows-x86_64 | 0.3.3 | 33.00 | 115.00 | 148.00 | NOTE | |
r-oldrel-macos-arm64 | 0.3.3 | 60.00 | NOTE | |||
r-oldrel-macos-x86_64 | 0.3.3 | 125.00 | NOTE | |||
r-oldrel-windows-x86_64 | 0.3.3 | 40.00 | 173.00 | 213.00 | NOTE |
Version: 0.3.3
Check: installed package size
Result: NOTE
installed size is 9.9Mb
sub-directories of 1Mb or more:
doc 9.1Mb
Flavors: r-devel-linux-x86_64-fedora-clang, r-devel-windows-x86_64, r-release-macos-arm64, r-release-windows-x86_64, r-oldrel-macos-arm64, r-oldrel-macos-x86_64, r-oldrel-windows-x86_64