Last updated on 2024-05-04 09:49:35 CEST.
Flavor | Version | Tinstall | Tcheck | Ttotal | Status | Flags |
---|---|---|---|---|---|---|
r-devel-linux-x86_64-debian-clang | 1.1.1 | 54.94 | 168.38 | 223.32 | NOTE | |
r-devel-linux-x86_64-debian-gcc | 1.1.1 | 43.30 | 123.69 | 166.99 | NOTE | |
r-devel-linux-x86_64-fedora-clang | 1.1.1 | 296.90 | NOTE | |||
r-devel-linux-x86_64-fedora-gcc | 1.1.1 | 278.44 | NOTE | |||
r-devel-windows-x86_64 | 1.1.1 | 45.00 | 144.00 | 189.00 | NOTE | |
r-patched-linux-x86_64 | 1.1.1 | 56.65 | 159.32 | 215.97 | NOTE | |
r-release-linux-x86_64 | 1.1.1 | 46.25 | 157.98 | 204.23 | NOTE | |
r-release-macos-arm64 | 1.1.1 | 69.00 | NOTE | |||
r-release-windows-x86_64 | 1.1.1 | 48.00 | 147.00 | 195.00 | NOTE | |
r-oldrel-macos-arm64 | 1.1.1 | 77.00 | NOTE | |||
r-oldrel-macos-x86_64 | 1.1.1 | 130.00 | NOTE | |||
r-oldrel-windows-x86_64 | 1.1.1 | 58.00 | 211.00 | 269.00 | NOTE |
Version: 1.1.1
Check: C++ specification
Result: NOTE
Specified C++11: please drop specification unless essential
Flavors: r-devel-linux-x86_64-debian-clang, r-devel-linux-x86_64-debian-gcc, r-devel-linux-x86_64-fedora-clang, r-devel-linux-x86_64-fedora-gcc, r-devel-windows-x86_64, r-patched-linux-x86_64, r-release-linux-x86_64, r-release-macos-arm64, r-release-windows-x86_64, r-oldrel-macos-arm64, r-oldrel-macos-x86_64, r-oldrel-windows-x86_64