Last updated on 2024-05-04 13:49:06 CEST.
Flavor | Version | Tinstall | Tcheck | Ttotal | Status | Flags |
---|---|---|---|---|---|---|
r-devel-linux-x86_64-debian-clang | 1.0.0 | 2.16 | 23.33 | 25.49 | OK | |
r-devel-linux-x86_64-debian-gcc | 1.0.0 | 1.51 | 18.03 | 19.54 | OK | |
r-devel-linux-x86_64-fedora-clang | 1.0.0 | 32.56 | NOTE | |||
r-devel-linux-x86_64-fedora-gcc | 1.0.0 | 30.48 | NOTE | |||
r-devel-windows-x86_64 | 1.0.0 | 3.00 | 42.00 | 45.00 | OK | |
r-patched-linux-x86_64 | 1.0.0 | 2.26 | 22.76 | 25.02 | OK | |
r-release-linux-x86_64 | 1.0.0 | 2.07 | 22.79 | 24.86 | OK | |
r-release-macos-arm64 | 1.0.0 | 15.00 | OK | |||
r-release-windows-x86_64 | 1.0.0 | 3.00 | 43.00 | 46.00 | OK | |
r-oldrel-macos-arm64 | 1.0.0 | 16.00 | OK | |||
r-oldrel-macos-x86_64 | 1.0.0 | 21.00 | OK | |||
r-oldrel-windows-x86_64 | 1.0.0 | 5.00 | 42.00 | 47.00 | OK |
Version: 1.0.0
Check: data for non-ASCII characters
Result: NOTE
Note: found 234 marked UTF-8 strings
Flavors: r-devel-linux-x86_64-fedora-clang, r-devel-linux-x86_64-fedora-gcc