Last updated on 2024-05-04 09:49:35 CEST.
Flavor | Version | Tinstall | Tcheck | Ttotal | Status | Flags |
---|---|---|---|---|---|---|
r-devel-linux-x86_64-debian-clang | 0.5.6 | 8.98 | 135.08 | 144.06 | OK | |
r-devel-linux-x86_64-debian-gcc | 0.5.6 | 7.08 | 94.92 | 102.00 | OK | |
r-devel-linux-x86_64-fedora-clang | 0.5.6 | 179.35 | NOTE | |||
r-devel-linux-x86_64-fedora-gcc | 0.5.6 | 186.55 | OK | |||
r-devel-windows-x86_64 | 0.5.6 | 9.00 | 118.00 | 127.00 | OK | |
r-patched-linux-x86_64 | 0.5.6 | 10.94 | 125.03 | 135.97 | OK | |
r-release-linux-x86_64 | 0.5.6 | 9.04 | 129.18 | 138.22 | OK | |
r-release-macos-arm64 | 0.5.6 | 53.00 | OK | |||
r-release-macos-x86_64 | 0.5.6 | 144.00 | OK | |||
r-release-windows-x86_64 | 0.5.6 | 10.00 | 114.00 | 124.00 | OK | |
r-oldrel-macos-arm64 | 0.5.6 | 56.00 | OK | |||
r-oldrel-macos-x86_64 | 0.5.6 | 123.00 | OK | |||
r-oldrel-windows-x86_64 | 0.5.6 | 12.00 | 139.00 | 151.00 | OK |
Version: 0.5.6
Check: Rd cross-references
Result: NOTE
Undeclared package ‘rtables’ in Rd xrefs
Flavor: r-devel-linux-x86_64-fedora-clang