Last updated on 2024-05-04 13:49:06 CEST.
Flavor | Version | Tinstall | Tcheck | Ttotal | Status | Flags |
---|---|---|---|---|---|---|
r-devel-linux-x86_64-debian-clang | 1.0.1 | 28.16 | 29.05 | 57.21 | WARN | |
r-devel-linux-x86_64-debian-gcc | 1.0.1 | 19.88 | 22.05 | 41.93 | NOTE | |
r-devel-linux-x86_64-fedora-clang | 1.0.1 | 86.94 | NOTE | |||
r-devel-linux-x86_64-fedora-gcc | 1.0.1 | 81.50 | NOTE | |||
r-devel-windows-x86_64 | 1.0.1 | 25.00 | 68.00 | 93.00 | NOTE | |
r-patched-linux-x86_64 | 1.0.1 | 33.98 | 27.73 | 61.71 | NOTE | |
r-release-linux-x86_64 | 1.0.1 | 29.97 | 26.86 | 56.83 | NOTE | |
r-release-macos-arm64 | 1.0.1 | 25.00 | NOTE | |||
r-release-windows-x86_64 | 1.0.1 | 26.00 | 61.00 | 87.00 | NOTE | |
r-oldrel-macos-arm64 | 1.0.1 | 28.00 | NOTE | |||
r-oldrel-macos-x86_64 | 1.0.1 | 41.00 | NOTE | |||
r-oldrel-windows-x86_64 | 1.0.1 | 32.00 | 68.00 | 100.00 | NOTE |
Version: 1.0.1
Check: whether package can be installed
Result: WARN
Found the following significant warnings:
main.cpp:32:9: warning: using integer absolute value function 'abs' when argument is of floating point type [-Wabsolute-value]
See ‘/home/hornik/tmp/R.check/r-devel-clang/Work/PKGS/free.Rcheck/00install.out’ for details.
* used C++ compiler: ‘Debian clang version 18.1.4 (1)’
Flavor: r-devel-linux-x86_64-debian-clang
Version: 1.0.1
Check: C++ specification
Result: NOTE
Specified C++11: please drop specification unless essential
Flavors: r-devel-linux-x86_64-debian-clang, r-devel-linux-x86_64-debian-gcc, r-devel-linux-x86_64-fedora-clang, r-devel-linux-x86_64-fedora-gcc, r-devel-windows-x86_64, r-patched-linux-x86_64, r-release-linux-x86_64, r-release-macos-arm64, r-release-windows-x86_64, r-oldrel-macos-arm64, r-oldrel-macos-x86_64, r-oldrel-windows-x86_64