Last updated on 2024-05-04 13:49:06 CEST.
Flavor | Version | Tinstall | Tcheck | Ttotal | Status | Flags |
---|---|---|---|---|---|---|
r-devel-linux-x86_64-debian-clang | 1.2 | 10.74 | 84.67 | 95.41 | OK | |
r-devel-linux-x86_64-debian-gcc | 1.2 | 5.76 | 62.40 | 68.16 | OK | |
r-devel-linux-x86_64-fedora-clang | 1.2 | 120.51 | NOTE | |||
r-devel-linux-x86_64-fedora-gcc | 1.2 | 109.43 | NOTE | |||
r-devel-windows-x86_64 | 1.2 | 9.00 | 83.00 | 92.00 | OK | |
r-patched-linux-x86_64 | 1.2 | 6.10 | 79.39 | 85.49 | OK | |
r-release-linux-x86_64 | 1.2 | 8.66 | 78.36 | 87.02 | OK | |
r-release-macos-arm64 | 1.2 | 36.00 | OK | |||
r-release-windows-x86_64 | 1.2 | 10.00 | 80.00 | 90.00 | OK | |
r-oldrel-macos-arm64 | 1.2 | 39.00 | OK | |||
r-oldrel-macos-x86_64 | 1.2 | 62.00 | OK | |||
r-oldrel-windows-x86_64 | 1.2 | 12.00 | 96.00 | 108.00 | OK |
Version: 1.2
Check: data for non-ASCII characters
Result: NOTE
Note: found 120 marked UTF-8 strings
Flavors: r-devel-linux-x86_64-fedora-clang, r-devel-linux-x86_64-fedora-gcc