Last updated on 2024-05-02 13:49:57 CEST.
Flavor | Version | Tinstall | Tcheck | Ttotal | Status | Flags |
---|---|---|---|---|---|---|
r-devel-linux-x86_64-debian-clang | 1.0.1 | 38.88 | 113.47 | 152.35 | NOTE | |
r-devel-linux-x86_64-debian-gcc | 1.0.1 | 34.26 | 89.62 | 123.88 | NOTE | |
r-devel-linux-x86_64-fedora-clang | 1.0.1 | 211.78 | NOTE | |||
r-devel-linux-x86_64-fedora-gcc | 1.0.1 | 220.98 | NOTE | |||
r-devel-windows-x86_64 | 1.0.1 | 37.00 | 122.00 | 159.00 | NOTE | |
r-patched-linux-x86_64 | 1.0.1 | 41.86 | 112.53 | 154.39 | NOTE | |
r-release-linux-x86_64 | 1.0.1 | 40.13 | 114.24 | 154.37 | NOTE | |
r-release-macos-arm64 | 1.0.1 | 74.00 | NOTE | |||
r-release-windows-x86_64 | 1.0.1 | 34.00 | 120.00 | 154.00 | NOTE | |
r-oldrel-macos-arm64 | 1.0.1 | 81.00 | NOTE | |||
r-oldrel-macos-x86_64 | 1.0.1 | 113.00 | NOTE | |||
r-oldrel-windows-x86_64 | 1.0.1 | 42.00 | 145.00 | 187.00 | NOTE |
Version: 1.0.1
Check: LazyData
Result: NOTE
'LazyData' is specified without a 'data' directory
Flavors: r-devel-linux-x86_64-debian-clang, r-devel-linux-x86_64-debian-gcc, r-devel-linux-x86_64-fedora-clang, r-devel-linux-x86_64-fedora-gcc, r-devel-windows-x86_64, r-patched-linux-x86_64, r-release-linux-x86_64, r-release-macos-arm64, r-release-windows-x86_64, r-oldrel-macos-arm64, r-oldrel-macos-x86_64, r-oldrel-windows-x86_64
Version: 1.0.1
Check: installed package size
Result: NOTE
installed size is 7.3Mb
sub-directories of 1Mb or more:
libs 7.1Mb
Flavors: r-release-macos-arm64, r-oldrel-macos-arm64