Last updated on 2024-05-04 13:49:06 CEST.
Flavor | Version | Tinstall | Tcheck | Ttotal | Status | Flags |
---|---|---|---|---|---|---|
r-devel-linux-x86_64-debian-clang | 0.13.0 | 94.30 | 235.40 | 329.70 | OK | |
r-devel-linux-x86_64-debian-gcc | 0.13.0 | 69.26 | 182.55 | 251.81 | OK | |
r-devel-linux-x86_64-fedora-clang | 0.13.0 | 444.25 | OK | |||
r-devel-linux-x86_64-fedora-gcc | 0.13.0 | 457.35 | OK | |||
r-devel-windows-x86_64 | 0.13.0 | 73.00 | 220.00 | 293.00 | OK | |
r-patched-linux-x86_64 | 0.13.0 | 91.74 | 231.37 | 323.11 | OK | |
r-release-linux-x86_64 | 0.13.0 | 90.13 | 236.00 | 326.13 | OK | |
r-release-macos-arm64 | 0.13.0 | 124.00 | NOTE | |||
r-release-windows-x86_64 | 0.13.0 | 70.00 | 219.00 | 289.00 | OK | |
r-oldrel-macos-arm64 | 0.13.0 | 130.00 | NOTE | |||
r-oldrel-macos-x86_64 | 0.13.0 | 217.00 | NOTE | |||
r-oldrel-windows-x86_64 | 0.13.0 | 85.00 | 258.00 | 343.00 | OK |
Version: 0.13.0
Check: installed package size
Result: NOTE
installed size is 6.1Mb
sub-directories of 1Mb or more:
libs 5.0Mb
Flavors: r-release-macos-arm64, r-oldrel-macos-arm64, r-oldrel-macos-x86_64