Last updated on 2024-05-04 13:49:07 CEST.
Flavor | Version | Tinstall | Tcheck | Ttotal | Status | Flags |
---|---|---|---|---|---|---|
r-devel-linux-x86_64-debian-clang | 0.2.0 | 9.94 | 95.97 | 105.91 | OK | |
r-devel-linux-x86_64-debian-gcc | 0.2.0 | 7.93 | 72.09 | 80.02 | OK | |
r-devel-linux-x86_64-fedora-clang | 0.2.0 | 139.26 | NOTE | |||
r-devel-linux-x86_64-fedora-gcc | 0.2.0 | 141.42 | NOTE | |||
r-devel-windows-x86_64 | 0.2.0 | 11.00 | 84.00 | 95.00 | OK | |
r-patched-linux-x86_64 | 0.2.0 | 7.92 | 92.39 | 100.31 | OK | |
r-release-linux-x86_64 | 0.2.0 | 9.75 | 91.79 | 101.54 | OK | |
r-release-macos-arm64 | 0.2.0 | 46.00 | OK | |||
r-release-windows-x86_64 | 0.2.0 | 9.00 | 84.00 | 93.00 | OK | |
r-oldrel-macos-arm64 | 0.2.0 | 48.00 | OK | |||
r-oldrel-macos-x86_64 | 0.2.0 | 80.00 | OK | |||
r-oldrel-windows-x86_64 | 0.2.0 | 13.00 | 100.00 | 113.00 | OK |
Version: 0.2.0
Check: dependencies in R code
Result: NOTE
Namespaces in Imports field not imported from:
‘MASS’ ‘MCMCpack’ ‘ggplot2’ ‘moments’
All declared Imports should be used.
Flavors: r-devel-linux-x86_64-fedora-clang, r-devel-linux-x86_64-fedora-gcc