Last updated on 2024-05-04 09:49:36 CEST.
Flavor | Version | Tinstall | Tcheck | Ttotal | Status | Flags |
---|---|---|---|---|---|---|
r-devel-linux-x86_64-debian-clang | 1.0.2 | 75.47 | 189.97 | 265.44 | OK | |
r-devel-linux-x86_64-debian-gcc | 1.0.2 | 57.05 | 151.85 | 208.90 | OK | |
r-devel-linux-x86_64-fedora-clang | 1.0.2 | 362.97 | OK | |||
r-devel-linux-x86_64-fedora-gcc | 1.0.2 | 328.77 | OK | |||
r-devel-windows-x86_64 | 1.0.2 | 55.00 | 183.00 | 238.00 | OK | |
r-patched-linux-x86_64 | 1.0.2 | 67.38 | 180.12 | 247.50 | OK | |
r-release-linux-x86_64 | 1.0.2 | 71.32 | 184.87 | 256.19 | OK | |
r-release-macos-arm64 | 1.0.2 | 96.00 | NOTE | |||
r-release-windows-x86_64 | 1.0.2 | 54.00 | 182.00 | 236.00 | OK | |
r-oldrel-macos-arm64 | 1.0.2 | 103.00 | NOTE | |||
r-oldrel-macos-x86_64 | 1.0.2 | 212.00 | NOTE | |||
r-oldrel-windows-x86_64 | 1.0.2 | 69.00 | 220.00 | 289.00 | OK |
Version: 1.0.2
Check: installed package size
Result: NOTE
installed size is 7.7Mb
sub-directories of 1Mb or more:
libs 7.4Mb
Flavors: r-release-macos-arm64, r-oldrel-macos-arm64, r-oldrel-macos-x86_64