Last updated on 2024-05-04 09:49:35 CEST.
Flavor | Version | Tinstall | Tcheck | Ttotal | Status | Flags |
---|---|---|---|---|---|---|
r-devel-linux-x86_64-debian-clang | 1.0-1 | 6.58 | 87.04 | 93.62 | OK | |
r-devel-linux-x86_64-debian-gcc | 1.0-1 | 7.47 | 63.11 | 70.58 | OK | |
r-devel-linux-x86_64-fedora-clang | 1.0-1 | 123.32 | NOTE | |||
r-devel-linux-x86_64-fedora-gcc | 1.0-1 | 111.54 | OK | |||
r-devel-windows-x86_64 | 1.0-1 | 8.00 | 76.00 | 84.00 | OK | |
r-patched-linux-x86_64 | 1.0-1 | 6.65 | 81.59 | 88.24 | OK | |
r-release-linux-x86_64 | 1.0-1 | 7.44 | 79.95 | 87.39 | OK | |
r-release-macos-arm64 | 1.0-1 | 34.00 | OK | |||
r-release-windows-x86_64 | 1.0-1 | 9.00 | 76.00 | 85.00 | OK | |
r-oldrel-macos-arm64 | 1.0-1 | 38.00 | OK | |||
r-oldrel-macos-x86_64 | 1.0-1 | 63.00 | OK | |||
r-oldrel-windows-x86_64 | 1.0-1 | 11.00 | 92.00 | 103.00 | OK |
Version: 1.0-1
Check: Rd cross-references
Result: NOTE
Undeclared packages ‘gamlss.dist’, ‘gamlss.add’ in Rd xrefs
Flavor: r-devel-linux-x86_64-fedora-clang