Last updated on 2024-05-04 09:49:35 CEST.
Flavor | Version | Tinstall | Tcheck | Ttotal | Status | Flags |
---|---|---|---|---|---|---|
r-devel-linux-x86_64-debian-clang | 1.5-3 | 30.59 | 330.09 | 360.68 | OK | |
r-devel-linux-x86_64-debian-gcc | 1.5-3 | 24.15 | 239.41 | 263.56 | OK | |
r-devel-linux-x86_64-fedora-clang | 1.5-3 | 453.76 | NOTE | |||
r-devel-linux-x86_64-fedora-gcc | 1.5-3 | 469.26 | OK | |||
r-devel-windows-x86_64 | 1.5-3 | 37.00 | 336.00 | 373.00 | NOTE | |
r-patched-linux-x86_64 | 1.5-3 | 32.03 | 309.69 | 341.72 | OK | |
r-release-linux-x86_64 | 1.5-3 | 29.09 | 319.32 | 348.41 | OK | |
r-release-macos-arm64 | 1.5-3 | 122.00 | NOTE | |||
r-release-windows-x86_64 | 1.5-3 | 33.00 | 332.00 | 365.00 | NOTE | |
r-oldrel-macos-arm64 | 1.5-3 | 126.00 | NOTE | |||
r-oldrel-macos-x86_64 | 1.5-3 | 235.00 | NOTE | |||
r-oldrel-windows-x86_64 | 1.5-3 | 40.00 | 429.00 | 469.00 | NOTE |
Version: 1.5-3
Check: installed package size
Result: NOTE
installed size is 11.2Mb
sub-directories of 1Mb or more:
doc 7.9Mb
libs 2.3Mb
Flavors: r-devel-linux-x86_64-fedora-clang, r-devel-windows-x86_64, r-release-macos-arm64, r-release-windows-x86_64, r-oldrel-macos-arm64, r-oldrel-macos-x86_64, r-oldrel-windows-x86_64
Version: 1.5-3
Check: Rd cross-references
Result: NOTE
Undeclared package ‘car’ in Rd xrefs
Flavor: r-devel-linux-x86_64-fedora-clang