Last updated on 2024-05-04 09:49:35 CEST.
Flavor | Version | Tinstall | Tcheck | Ttotal | Status | Flags |
---|---|---|---|---|---|---|
r-devel-linux-x86_64-debian-clang | 1.0 | 2.81 | 35.73 | 38.54 | NOTE | |
r-devel-linux-x86_64-debian-gcc | 1.0 | 2.13 | 28.95 | 31.08 | NOTE | |
r-devel-linux-x86_64-fedora-clang | 1.0 | 51.02 | NOTE | |||
r-devel-linux-x86_64-fedora-gcc | 1.0 | 47.34 | NOTE | |||
r-devel-windows-x86_64 | 1.0 | 3.00 | 54.00 | 57.00 | NOTE | |
r-patched-linux-x86_64 | 1.0 | 2.71 | 35.51 | 38.22 | NOTE | |
r-release-linux-x86_64 | 1.0 | 2.25 | 36.81 | 39.06 | NOTE | |
r-release-macos-arm64 | 1.0 | 20.00 | NOTE | |||
r-release-windows-x86_64 | 1.0 | 3.00 | 52.00 | 55.00 | NOTE | |
r-oldrel-macos-arm64 | 1.0 | 21.00 | NOTE | |||
r-oldrel-macos-x86_64 | 1.0 | 30.00 | NOTE | |||
r-oldrel-windows-x86_64 | 1.0 | 4.00 | 54.00 | 58.00 | NOTE |
Version: 1.0
Check: Rd files
Result: NOTE
checkRd: (-1) estprops.Rd:40: Escaped LaTeX specials: \&
Flavors: r-devel-linux-x86_64-debian-clang, r-devel-linux-x86_64-debian-gcc, r-devel-linux-x86_64-fedora-clang, r-devel-linux-x86_64-fedora-gcc, r-devel-windows-x86_64, r-patched-linux-x86_64, r-release-linux-x86_64, r-release-macos-arm64, r-release-windows-x86_64, r-oldrel-macos-arm64, r-oldrel-macos-x86_64, r-oldrel-windows-x86_64