Last updated on 2024-05-04 13:49:06 CEST.
Flavor | Version | Tinstall | Tcheck | Ttotal | Status | Flags |
---|---|---|---|---|---|---|
r-devel-linux-x86_64-debian-clang | 3.0.0 | 4.32 | 56.25 | 60.57 | NOTE | |
r-devel-linux-x86_64-debian-gcc | 3.0.0 | 3.97 | 42.21 | 46.18 | NOTE | |
r-devel-linux-x86_64-fedora-clang | 3.0.0 | 79.77 | NOTE | |||
r-devel-linux-x86_64-fedora-gcc | 3.0.0 | 87.68 | NOTE | |||
r-devel-windows-x86_64 | 3.0.0 | 6.00 | 93.00 | 99.00 | NOTE | |
r-patched-linux-x86_64 | 3.0.0 | 6.17 | 52.72 | 58.89 | NOTE | |
r-release-linux-x86_64 | 3.0.0 | 4.89 | 54.20 | 59.09 | NOTE | |
r-release-macos-arm64 | 3.0.0 | 33.00 | NOTE | |||
r-release-windows-x86_64 | 3.0.0 | 5.00 | 90.00 | 95.00 | NOTE | |
r-oldrel-macos-arm64 | 3.0.0 | 38.00 | OK | |||
r-oldrel-macos-x86_64 | 3.0.0 | 68.00 | OK | |||
r-oldrel-windows-x86_64 | 3.0.0 | 6.00 | 89.00 | 95.00 | OK |
Version: 3.0.0
Check: Rd files
Result: NOTE
checkRd: (-1) is.what.Rd:23-24: Lost braces in \enumerate; meant \describe ?
checkRd: (-1) is.what.Rd:25: Lost braces in \enumerate; meant \describe ?
checkRd: (-1) is.what.Rd:26-27: Lost braces in \enumerate; meant \describe ?
Flavors: r-devel-linux-x86_64-debian-clang, r-devel-linux-x86_64-debian-gcc, r-devel-linux-x86_64-fedora-clang, r-devel-linux-x86_64-fedora-gcc, r-devel-windows-x86_64, r-patched-linux-x86_64, r-release-linux-x86_64, r-release-macos-arm64, r-release-windows-x86_64