Last updated on 2024-05-04 09:49:35 CEST.
Flavor | Version | Tinstall | Tcheck | Ttotal | Status | Flags |
---|---|---|---|---|---|---|
r-devel-linux-x86_64-debian-clang | 1.0.0 | 1.39 | 23.13 | 24.52 | OK | |
r-devel-linux-x86_64-debian-gcc | 1.0.0 | 1.69 | 18.71 | 20.40 | OK | |
r-devel-linux-x86_64-fedora-clang | 1.0.0 | 34.89 | NOTE | |||
r-devel-linux-x86_64-fedora-gcc | 1.0.0 | 31.53 | NOTE | |||
r-devel-windows-x86_64 | 1.0.0 | 3.00 | 42.00 | 45.00 | OK | |
r-patched-linux-x86_64 | 1.0.0 | 2.21 | 22.73 | 24.94 | OK | |
r-release-linux-x86_64 | 1.0.0 | 2.11 | 23.68 | 25.79 | OK | |
r-release-macos-arm64 | 1.0.0 | 16.00 | OK | |||
r-release-macos-x86_64 | 1.0.0 | 33.00 | OK | |||
r-release-windows-x86_64 | 1.0.0 | 2.00 | 41.00 | 43.00 | OK | |
r-oldrel-macos-arm64 | 1.0.0 | 22.00 | OK | |||
r-oldrel-macos-x86_64 | 1.0.0 | 32.00 | OK | |||
r-oldrel-windows-x86_64 | 1.0.0 | 3.00 | 45.00 | 48.00 | OK |
Version: 1.0.0
Check: data for non-ASCII characters
Result: NOTE
Note: found 3 marked UTF-8 strings
Flavors: r-devel-linux-x86_64-fedora-clang, r-devel-linux-x86_64-fedora-gcc