Last updated on 2024-05-04 13:49:06 CEST.
Flavor | Version | Tinstall | Tcheck | Ttotal | Status | Flags |
---|---|---|---|---|---|---|
r-devel-linux-x86_64-debian-clang | 1.1.2 | 40.46 | 58.84 | 99.30 | OK | |
r-devel-linux-x86_64-debian-gcc | 1.1.2 | 29.37 | 44.16 | 73.53 | OK | |
r-devel-linux-x86_64-fedora-clang | 1.1.2 | 149.61 | OK | |||
r-devel-linux-x86_64-fedora-gcc | 1.1.2 | 168.41 | OK | |||
r-devel-windows-x86_64 | 1.1.2 | 33.00 | 91.00 | 124.00 | OK | |
r-patched-linux-x86_64 | 1.1.2 | 39.26 | 56.27 | 95.53 | OK | |
r-release-linux-x86_64 | 1.1.2 | 26.76 | 55.76 | 82.52 | OK | |
r-release-macos-arm64 | 1.1.2 | 48.00 | OK | |||
r-release-windows-x86_64 | 1.1.2 | 33.00 | 89.00 | 122.00 | OK | |
r-oldrel-macos-arm64 | 1.1.2 | 43.00 | NOTE | |||
r-oldrel-macos-x86_64 | 1.1.2 | 73.00 | OK | |||
r-oldrel-windows-x86_64 | 1.1.2 | 39.00 | 102.00 | 141.00 | OK |
Version: 1.1.2
Check: package dependencies
Result: NOTE
Package suggested but not available for checking: ‘snpStats’
Flavor: r-oldrel-macos-arm64