Last updated on 2024-05-04 13:49:06 CEST.
Flavor | Version | Tinstall | Tcheck | Ttotal | Status | Flags |
---|---|---|---|---|---|---|
r-devel-linux-x86_64-debian-clang | 1.0.4 | 15.79 | 256.16 | 271.95 | NOTE | |
r-devel-linux-x86_64-debian-gcc | 1.0.4 | 13.19 | 171.81 | 185.00 | NOTE | |
r-devel-linux-x86_64-fedora-clang | 1.0.4 | 345.53 | NOTE | |||
r-devel-linux-x86_64-fedora-gcc | 1.0.4 | 327.98 | NOTE | |||
r-devel-windows-x86_64 | 1.0.4 | 16.00 | 194.00 | 210.00 | NOTE | |
r-patched-linux-x86_64 | 1.0.4 | 20.03 | 235.00 | 255.03 | NOTE | |
r-release-linux-x86_64 | 1.0.4 | 13.62 | 229.71 | 243.33 | NOTE | |
r-release-macos-arm64 | 1.0.4 | 81.00 | NOTE | |||
r-release-windows-x86_64 | 1.0.4 | 16.00 | 197.00 | 213.00 | NOTE | |
r-oldrel-macos-arm64 | 1.0.4 | 88.00 | NOTE | |||
r-oldrel-macos-x86_64 | 1.0.4 | 145.00 | NOTE | |||
r-oldrel-windows-x86_64 | 1.0.4 | 20.00 | 241.00 | 261.00 | NOTE |
Version: 1.0.4
Check: package subdirectories
Result: NOTE
Problems with news in ‘NEWS.md’:
No news entries found.
Flavors: r-devel-linux-x86_64-debian-clang, r-devel-linux-x86_64-debian-gcc, r-devel-linux-x86_64-fedora-clang, r-devel-linux-x86_64-fedora-gcc, r-devel-windows-x86_64, r-patched-linux-x86_64, r-release-linux-x86_64, r-release-macos-arm64, r-release-windows-x86_64, r-oldrel-macos-arm64, r-oldrel-macos-x86_64, r-oldrel-windows-x86_64