Last updated on 2024-05-04 13:49:06 CEST.
Flavor | Version | Tinstall | Tcheck | Ttotal | Status | Flags |
---|---|---|---|---|---|---|
r-devel-linux-x86_64-debian-clang | 1.9.0 | 5.88 | 70.54 | 76.42 | OK | |
r-devel-linux-x86_64-debian-gcc | 1.9.0 | 4.08 | 51.96 | 56.04 | OK | |
r-devel-linux-x86_64-fedora-clang | 1.9.0 | 99.41 | NOTE | |||
r-devel-linux-x86_64-fedora-gcc | 1.9.0 | 106.60 | NOTE | |||
r-devel-windows-x86_64 | 1.9.0 | 7.00 | 78.00 | 85.00 | OK | |
r-patched-linux-x86_64 | 1.9.0 | 6.27 | 66.15 | 72.42 | OK | |
r-release-linux-x86_64 | 1.9.0 | 4.65 | 65.48 | 70.13 | OK | |
r-release-macos-arm64 | 1.9.0 | 35.00 | OK | |||
r-release-macos-x86_64 | 1.9.0 | 97.00 | NOTE | |||
r-release-windows-x86_64 | 1.9.0 | 8.00 | 77.00 | 85.00 | OK | |
r-oldrel-macos-arm64 | 1.9.0 | 39.00 | OK | |||
r-oldrel-macos-x86_64 | 1.9.0 | 81.00 | OK | |||
r-oldrel-windows-x86_64 | 1.9.0 | 8.00 | 86.00 | 94.00 | OK |
Version: 1.9.0
Check: data for non-ASCII characters
Result: NOTE
Note: found 58 marked UTF-8 strings
Flavors: r-devel-linux-x86_64-fedora-clang, r-devel-linux-x86_64-fedora-gcc
Version: 1.9.0
Check: package dependencies
Result: NOTE
Package suggested but not available for checking: ‘arrow’
Flavor: r-release-macos-x86_64