Last updated on 2024-05-04 09:49:36 CEST.
Flavor | Version | Tinstall | Tcheck | Ttotal | Status | Flags |
---|---|---|---|---|---|---|
r-devel-linux-x86_64-debian-clang | 1.5-18 | 51.15 | 97.43 | 148.58 | OK | |
r-devel-linux-x86_64-debian-gcc | 1.5-18 | 36.07 | 71.09 | 107.16 | OK | |
r-devel-linux-x86_64-fedora-clang | 1.5-18 | 211.88 | OK | |||
r-devel-linux-x86_64-fedora-gcc | 1.5-18 | 210.58 | OK | |||
r-devel-windows-x86_64 | 1.5-18 | 41.00 | 116.00 | 157.00 | OK | |
r-patched-linux-x86_64 | 1.5-18 | 46.20 | 93.81 | 140.01 | OK | |
r-release-linux-x86_64 | 1.5-18 | 43.21 | 91.95 | 135.16 | OK | |
r-release-macos-arm64 | 1.5-18 | 52.00 | OK | |||
r-release-windows-x86_64 | 1.5-18 | 45.00 | 121.00 | 166.00 | OK | |
r-oldrel-macos-arm64 | 1.5-18 | 64.00 | OK | |||
r-oldrel-macos-x86_64 | 1.5-18 | 100.00 | NOTE | |||
r-oldrel-windows-x86_64 | 1.5-18 | 44.00 | 140.00 | 184.00 | OK |
Version: 1.5-18
Check: re-building of vignette outputs
Result: NOTE
Error(s) in re-building vignettes:
...
--- re-building ‘geosphere.Rnw’ using Sweave
Loading required namespace: raster
Error: processing vignette 'geosphere.Rnw' failed with diagnostics:
Running 'texi2dvi' on 'geosphere.tex' failed.
LaTeX errors:
! LaTeX Error: File `hanging.sty' not found.
Type X to quit or <RETURN> to proceed,
or enter new name. (Default extension: sty)
! Emergency stop.
<read *>
l.10 ^^M
! ==> Fatal error occurred, no output PDF file produced!
--- failed re-building ‘geosphere.Rnw’
SUMMARY: processing the following file failed:
‘geosphere.Rnw’
Error: Vignette re-building failed.
Execution halted
Flavor: r-oldrel-macos-x86_64