Last updated on 2024-05-04 09:49:36 CEST.
Flavor | Version | Tinstall | Tcheck | Ttotal | Status | Flags |
---|---|---|---|---|---|---|
r-devel-linux-x86_64-debian-clang | 0.1 | 17.28 | 173.50 | 190.78 | OK | |
r-devel-linux-x86_64-debian-gcc | 0.1 | 17.54 | 127.28 | 144.82 | OK | |
r-devel-linux-x86_64-fedora-clang | 0.1 | 259.47 | OK | |||
r-devel-linux-x86_64-fedora-gcc | 0.1 | 248.27 | OK | |||
r-devel-windows-x86_64 | 0.1 | 19.00 | 129.00 | 148.00 | OK | |
r-patched-linux-x86_64 | 0.1 | 13.39 | 162.56 | 175.95 | OK | |
r-release-linux-x86_64 | 0.1 | 15.66 | 164.73 | 180.39 | OK | |
r-release-macos-arm64 | 0.1 | 16.00 | ERROR | |||
r-release-macos-x86_64 | 0.1 | 126.00 | OK | |||
r-release-windows-x86_64 | 0.1 | 19.00 | 126.00 | 145.00 | OK | |
r-oldrel-macos-arm64 | 0.1 | 10.00 | ERROR | |||
r-oldrel-macos-x86_64 | 0.1 | 7.00 | ERROR | |||
r-oldrel-windows-x86_64 | 0.1 | 24.00 | 166.00 | 190.00 | OK |
Version: 0.1
Check: package dependencies
Result: ERROR
Package required but not available: ‘ggmsa’
See section ‘The DESCRIPTION file’ in the ‘Writing R Extensions’
manual.
Flavors: r-release-macos-arm64, r-oldrel-macos-arm64, r-oldrel-macos-x86_64