Last updated on 2024-05-04 13:49:07 CEST.
Flavor | Version | Tinstall | Tcheck | Ttotal | Status | Flags |
---|---|---|---|---|---|---|
r-devel-linux-x86_64-debian-clang | 0.2.6.0 | 144.19 | 81.36 | 225.55 | NOTE | |
r-devel-linux-x86_64-debian-gcc | 0.2.6.0 | 116.43 | 57.59 | 174.02 | NOTE | |
r-devel-linux-x86_64-fedora-clang | 0.2.6.0 | 321.18 | NOTE | |||
r-devel-linux-x86_64-fedora-gcc | 0.2.6.0 | 306.27 | NOTE | |||
r-devel-windows-x86_64 | 0.2.6.0 | 111.00 | 95.00 | 206.00 | NOTE | |
r-patched-linux-x86_64 | 0.2.6.0 | 145.44 | 75.61 | 221.05 | NOTE | |
r-release-linux-x86_64 | 0.2.6.0 | 150.63 | 73.46 | 224.09 | NOTE | |
r-release-macos-arm64 | 0.2.6.0 | 67.00 | NOTE | |||
r-release-windows-x86_64 | 0.2.6.0 | 114.00 | 96.00 | 210.00 | NOTE | |
r-oldrel-macos-arm64 | 0.2.6.0 | 73.00 | NOTE | |||
r-oldrel-macos-x86_64 | 0.2.6.0 | 131.00 | NOTE | |||
r-oldrel-windows-x86_64 | 0.2.6.0 | 135.00 | 114.00 | 249.00 | NOTE |
Version: 0.2.6.0
Check: C++ specification
Result: NOTE
Specified C++11: please drop specification unless essential
Flavors: r-devel-linux-x86_64-debian-clang, r-devel-linux-x86_64-debian-gcc, r-devel-linux-x86_64-fedora-clang, r-devel-linux-x86_64-fedora-gcc, r-devel-windows-x86_64, r-patched-linux-x86_64, r-release-linux-x86_64, r-release-macos-arm64, r-release-windows-x86_64, r-oldrel-macos-arm64, r-oldrel-macos-x86_64, r-oldrel-windows-x86_64
Version: 0.2.6.0
Check: LazyData
Result: NOTE
'LazyData' is specified without a 'data' directory
Flavors: r-devel-linux-x86_64-debian-clang, r-devel-linux-x86_64-debian-gcc, r-devel-linux-x86_64-fedora-clang, r-devel-linux-x86_64-fedora-gcc, r-devel-windows-x86_64, r-patched-linux-x86_64, r-release-linux-x86_64, r-release-macos-arm64, r-release-windows-x86_64, r-oldrel-macos-arm64, r-oldrel-macos-x86_64, r-oldrel-windows-x86_64
Version: 0.2.6.0
Check: installed package size
Result: NOTE
installed size is 5.4Mb
sub-directories of 1Mb or more:
libs 5.0Mb
Flavors: r-release-macos-arm64, r-oldrel-macos-arm64, r-oldrel-macos-x86_64