Last updated on 2024-05-04 09:49:36 CEST.
Flavor | Version | Tinstall | Tcheck | Ttotal | Status | Flags |
---|---|---|---|---|---|---|
r-devel-linux-x86_64-debian-clang | 1.0.1 | 5.96 | 51.74 | 57.70 | NOTE | |
r-devel-linux-x86_64-debian-gcc | 1.0.1 | 4.43 | 38.52 | 42.95 | NOTE | |
r-devel-linux-x86_64-fedora-clang | 1.0.1 | 71.21 | NOTE | |||
r-devel-linux-x86_64-fedora-gcc | 1.0.1 | 66.49 | NOTE | |||
r-devel-windows-x86_64 | 1.0.1 | 8.00 | 56.00 | 64.00 | NOTE | |
r-patched-linux-x86_64 | 1.0.1 | 4.51 | 48.73 | 53.24 | NOTE | |
r-release-linux-x86_64 | 1.0.1 | 3.91 | 48.51 | 52.42 | NOTE | |
r-release-macos-arm64 | 1.0.1 | 25.00 | NOTE | |||
r-release-windows-x86_64 | 1.0.1 | 6.00 | 56.00 | 62.00 | NOTE | |
r-oldrel-macos-arm64 | 1.0.1 | 26.00 | NOTE | |||
r-oldrel-macos-x86_64 | 1.0.1 | 37.00 | NOTE | |||
r-oldrel-windows-x86_64 | 1.0.1 | 7.00 | 62.00 | 69.00 | NOTE |
Version: 1.0.1
Check: LazyData
Result: NOTE
'LazyData' is specified without a 'data' directory
Flavors: r-devel-linux-x86_64-debian-clang, r-devel-linux-x86_64-debian-gcc, r-devel-linux-x86_64-fedora-clang, r-devel-linux-x86_64-fedora-gcc, r-devel-windows-x86_64, r-patched-linux-x86_64, r-release-linux-x86_64, r-release-macos-arm64, r-release-windows-x86_64, r-oldrel-macos-arm64, r-oldrel-macos-x86_64, r-oldrel-windows-x86_64