Last updated on 2024-05-04 09:49:36 CEST.
Flavor | Version | Tinstall | Tcheck | Ttotal | Status | Flags |
---|---|---|---|---|---|---|
r-devel-linux-x86_64-debian-clang | 0.1.1 | 2.08 | 23.77 | 25.85 | OK | |
r-devel-linux-x86_64-debian-gcc | 0.1.1 | 1.59 | 19.08 | 20.67 | OK | |
r-devel-linux-x86_64-fedora-clang | 0.1.1 | 33.84 | NOTE | |||
r-devel-linux-x86_64-fedora-gcc | 0.1.1 | 31.47 | OK | |||
r-devel-windows-x86_64 | 0.1.1 | 4.00 | 40.00 | 44.00 | OK | |
r-patched-linux-x86_64 | 0.1.1 | 2.18 | 23.34 | 25.52 | OK | |
r-release-linux-x86_64 | 0.1.1 | 1.97 | 22.95 | 24.92 | OK | |
r-release-macos-arm64 | 0.1.1 | 15.00 | OK | |||
r-release-windows-x86_64 | 0.1.1 | 2.00 | 39.00 | 41.00 | OK | |
r-oldrel-macos-arm64 | 0.1.1 | 16.00 | OK | |||
r-oldrel-macos-x86_64 | 0.1.1 | 19.00 | OK | |||
r-oldrel-windows-x86_64 | 0.1.1 | 2.00 | 38.00 | 40.00 | OK |
Version: 0.1.1
Check: Rd cross-references
Result: NOTE
Undeclared package ‘dwlm’ in Rd xrefs
Flavor: r-devel-linux-x86_64-fedora-clang