Last updated on 2024-05-04 09:49:36 CEST.
Flavor | Version | Tinstall | Tcheck | Ttotal | Status | Flags |
---|---|---|---|---|---|---|
r-devel-linux-x86_64-debian-clang | 1.7.3 | 0.63 | 2.30 | 2.93 | ERROR | |
r-devel-linux-x86_64-debian-gcc | 1.7.3 | 7.62 | 63.04 | 70.66 | OK | |
r-devel-linux-x86_64-fedora-clang | 1.7.3 | 132.02 | OK | |||
r-devel-linux-x86_64-fedora-gcc | 1.7.3 | 125.49 | OK | |||
r-devel-windows-x86_64 | 1.7.3 | 12.00 | 82.00 | 94.00 | OK | |
r-patched-linux-x86_64 | 1.7.3 | 8.22 | 82.14 | 90.36 | OK | |
r-release-linux-x86_64 | 1.7.3 | 7.16 | 79.28 | 86.44 | OK | |
r-release-macos-arm64 | 1.7.3 | 46.00 | OK | |||
r-release-macos-x86_64 | 1.7.3 | 79.00 | OK | |||
r-release-windows-x86_64 | 1.7.3 | 11.00 | 84.00 | 95.00 | OK | |
r-oldrel-macos-arm64 | 1.7.3 | 51.00 | OK | |||
r-oldrel-macos-x86_64 | 1.7.3 | 120.00 | OK | |||
r-oldrel-windows-x86_64 | 1.7.3 | 15.00 | 96.00 | 111.00 | OK |
Version: 1.7.3
Check: package dependencies
Result: ERROR
Packages required but not available:
'ALDEx2', 'DESeq2', 'lefser', 'SummarizedExperiment'
See section ‘The DESCRIPTION file’ in the ‘Writing R Extensions’
manual.
Flavor: r-devel-linux-x86_64-debian-clang